k)?
1
Let w(l) = l**3 - 3*l**2 + 4*l - 3. Suppose 4*n = 4*k, 0 = -5*n + 2*n - 3*k + 12. Suppose t = n - 0. Calculate w(t).
1
Let s(r) = 3*r + r**2 - 4*r**2 - r**3 + 86 - 91. Suppose -4 = -2*z, -w + 42 = 3*w - 3*z. Suppose -5*d + 2*d = w. Calculate s(d).
-1
Let i(z) = z**2 - 2*z + 6. Suppose 438*x = 429*x. What is i(x)?
6
Let l(p) = 6*p. Let i(d) = -5*d + 4. Let w(y) = -i(y) - 5*l(y). What is w(1)?
-29
Let b = 1 - -3. Let a = 87 + -84. Suppose -a*v + 0 = -b*x + 12, -4*v - 16 = 2*x. Let m(p) = p**2 - p - 3. Give m(x).
-3
Let l = 108 + -102. Suppose 0 = -l*y + 2 + 16. Let k(b) = b**2 - b + 1. Determine k(y).
7
Let k(a) = -6*a - 9 - 7 + 9*a + 29 - 12. Suppose 3*q - 2*q - 2 = 0. What is k(q)?
7
Let h(m) = 4*m**2 - 1. Let n be h(1). Let b(g) = -g**3 - 3*g**2 + g. Let i(l) = -3*l**3 - 9*l**2 + 3*l - 1. Let k(a) = n*i(a) - 8*b(a). What is k(-3)?
-6
Let n(w) = 4*w - 2. Let t = 32 + -9. Let d = t + -26. Determine n(d).
-14
Let u(q) = -280*q**2 + 555*q**2 + 7*q + 4 - 3 - q**3 - 279*q**2. What is u(-5)?
-9
Let k(r) = -1 + r**3 - 1 - 3*r - 2*r**2 - 2. Let b be 1 + -1 + 2/1. Suppose g - 6 = -3*s, 2 = 4*s - b. Give k(g).
-4
Suppose -7*g = 12 - 54. Let b(u) be the second derivative of -u**4/12 + u**3 - u**2/2 - u. What is b(g)?
-1
Let c(b) = -2*b**3 + 4*b**2 - b + 16. Let x(n) = n**3 - 4*n**2 + n - 12. Let i(j) = -2*c(j) - 3*x(j). What is i(-3)?
16
Let s(f) be the second derivative of f**4/8 + f**3/2 + 19*f**2/2 - 16*f. Let p(u) be the first derivative of s(u). What is p(-2)?
-3
Let g(r) = 10*r**2 + 1. Let q = 51 - 67. Let h be 10/q + (-87)/232. Give g(h).
11
Let w(n) = 3*n + 26. Let y be w(-7). Let s(l) = 4*l - 5. Calculate s(y).
15
Let b(m) be the second derivative of -m**4/12 - 7*m**3/3 + 4*m**2 - 131*m - 2. Give b(-15).
-7
Let f(z) = 0*z**3 + 0*z**3 + 15*z**2 + 23*z - 13 - 3*z**2 - 36*z + z**3. Give f(-13).
-13
Let c(k) = k**3 - k**2 - 4*k + 1. Suppose 4*t + 15 = 55. Let x = 13 - t. What is c(x)?
7
Let t = 7 - 8. Let j(p) = -11*p - 16. Let o(s) = -6*s - 9. Let a(q) = -4*j(q) + 7*o(q). Give a(t).
-1
Let j(r) be the second derivative of -r**6/360 - r**5/30 + r**4/24 - 14*r**3/3 + 7*r. Let d(z) be the second derivative of j(z). What is d(-3)?
4
Let q(g) = g**3 + 4*g**2 + 5*g + 11. Suppose -28*n = -53*n - 100. Determine q(n).
-9
Let c(y) = -y - 2. Let h(v) = v + 8. Let i be h(-5). Suppose -i*g = -6*g - 594. Let k be (-1)/(-8) - g/(-48). Give c(k).
2
Let r(l) = l - 1. Let q(n) = 5*n - 12. Let u(a) = q(a) - 4*r(a). Give u(-3).
-11
Let g = 292 + -299. Let o(n) be the third derivative of n**6/120 + n**5/10 - n**4/6 + 5*n**3/3 + n**2. Give o(g).
-11
Let w(f) = -f**2 - 4*f + 1. Let l be ((-3)/((-12)/8))/2. Let g(u) = -12*u + 20*u - 10*u. Let k be g(l). What is w(k)?
5
Let g be -3*(-3 - 25/(-15)). Let a(b) = 5 - 3*b + b - 5*b + b**3 - 2*b**2 - b**2. What is a(g)?
-7
Let a(o) be the first derivative of o**2/2 + 7*o + 104. What is a(-9)?
-2
Let q(p) be the second derivative of p**3/2 - 5*p**2/2 + 3*p - 4. What is q(3)?
4
Let h(v) = v**3 + 13*v**2 - 28*v + 29. Let f be h(-15). Let s(u) = 16*u**2 - u. What is s(f)?
17
Let z(f) be the second derivative of -f**4/12 - f**2/2 + 154*f. What is z(-4)?
-17
Let u(j) = -j + 17. Let c be u(14). Suppose 19 = -3*a + 5*p - c*p, a + 18 = 3*p. Let o(s) = -2*s - 2. Calculate o(a).
4
Let j(i) be the second derivative of i**5/12 + i**3/6 - 2*i**2 + i. Let o(h) be the first derivative of j(h). Determine o(-1).
6
Let y(x) = -x - 3. Let n be (-1)/(4 - 341/88). What is y(n)?
5
Let s(b) = -8 + 13 - 4 + 1 + 2*b**2 - b. Let p(i) = -i - 8. Let j be p(-6). Determine s(j).
12
Let r(x) = 2 + 2*x**2 + 23*x**3 - 51*x**3 + 13*x**3 - 4*x + 7 + 13*x**3. Give r(3).
-39
Let h = 5 - 2. Suppose -6 = 3*r - 2*v, -4*v = -h*v. Let y(w) = 2*w**2 + w + 1. Let o(k) = -k**2. Let n(x) = -3*o(x) - y(x). Determine n(r).
5
Let n(z) = -z**3 - 6*z**2 - z + 1. Suppose -6*b - 207 = -171. Determine n(b).
7
Let z(t) be the first derivative of 10/3*t**3 - 55 - 13*t - 7/2*t**2 - 1/4*t**4. Determine z(9).
5
Let x(w) = -5*w - 13. Let k be x(-3). Suppose k*p + 28 = -5*q, 4*p = -4*q + 3*p - 23. Let b(u) = -u**2 - 6*u + 4. Determine b(q).
4
Let z = 2 - 3. Let k(a) = -a**2 + 5*a - 1. Let d(t) = -t**2 - 2*t. Let b(l) = 3*d(l) + k(l). What is b(z)?
-4
Let j = -22 - -22. Let u(q) = 6 + j - 7 + 2 + 5*q. Calculate u(-1).
-4
Let r(q) = -q**2 - q - 1. Let c(u) = -u**2 - 2*u + 4. Let m(h) = c(h) - 2*r(h). Let p be m(0). Let b(n) = -12 - p*n + 26 - 17 - n**2. Determine b(-4).
5
Let q(k) = 57*k**2 + 49*k**2 + 16 - 105*k**2 + 13*k. Give q(-13).
16
Let d(f) be the first derivative of f**3/3 - 6*f**2 + 5*f + 224. What is d(10)?
-15
Let h(q) = 6*q - 375. Let o(l) = l - 93. Let x(y) = -2*h(y) + 9*o(y). Calculate x(-29).
0
Let k(s) = -8*s**2 - 8*s + 4. Let p(q) = -13*q**2 - 15*q + 6. Let g(z) = 5*k(z) - 3*p(z). Calculate g(-3).
-22
Let i(x) = -x**2 - 2*x + 3*x - 1330*x**3 + 1334*x**3. Let g be 1/((-2 - 3)/(-5)). What is i(g)?
4
Let q(o) be the second derivative of 0*o**3 + 0 - 49*o + 1/2*o**2 - 5/12*o**4. Determine q(1).
-4
Let r(s) = 55 + s + 58 + 58 - 169. What is r(3)?
5
Let o(i) be the third derivative of i**4/12 + 19*i**3/6 - 3*i**2 + 20*i. Give o(-10).
-1
Let w = -599 + 595. Let q(s) be the second derivative of -1/12*s**4 - 1/3*s**3 + 3*s + 0 + 3/2*s**2. Give q(w).
-5
Let l(f) be the first derivative of 3*f**4/4 + f**3/3 - f**2 - f + 221. Give l(2).
23
Let d be -3*(4 - 8/3). Let v be d - ((-4)/(-2) + 1). Let p(m) = -3*m - 6. Give p(v).
15
Let g(q) = -144*q + 99. Let h(d) = 3*d - 2. Let a(z) = -2*g(z) - 99*h(z). What is a(1)?
-9
Let z(i) = i**3 + 11*i**2 + 12*i + 14. Let d(x) = 3*x**3 - 31*x**2 - 24*x + 12. Let t be d(11). Calculate z(t).
-6
Let d(m) = 6*m + 37. Let n be d(-6). Let q(s) = 8*s**2 - s + 1. Let x be q(n). Let c(t) = t**2 - 9*t - 3. Calculate c(x).
-11
Let b(i) = 6*i + 6. Let t(j) = -j**2 - j + 4. Let a be t(0). Let f(q) = -5*q - 5. Let y(s) = a*b(s) + 5*f(s). Suppose 0 = -2*v - 2 + 12. What is y(v)?
-6
Let x(p) = 29*p**3 - 2 + 21*p**3 - 4 - 51*p**3. Give x(0).
-6
Let s(a) = 9*a**2 - 3 - 4389*a**3 + 8 + 4390*a**3 + 8*a. Calculate s(-8).
5
Let u(h) = -h - 3. Let x = 8 - 18. Let j = -7 - x. Suppose 3*s + 11 = n + 3*n, s = j*n - 12. Give u(s).
-6
Suppose -3*g = 5*m - 10*m - 5, -2*m - 18 = 2*g. Let q(r) = -2*r**2 - 5*r + 4. What is q(m)?
-8
Let b = 20 - -44. Let o(l) = 29*l - 2 - b*l + 30*l. What is o(-3)?
13
Let f = -145 - -148. Let t(h) = h**3 - 3*h**2 - 2*h + 3. Let s be t(f). Let o(y) = 3*y + 3. Give o(s).
-6
Let p be (-1904)/63 - (-2)/9. Let j = -26 - p. Let s(c) = -4*c**2 - 2*c + 6. Let h(g) = g**2 - g. Let l(z) = 5*h(z) + s(z). Give l(j).
-6
Let f(m) = -165*m + m**2 + 78*m + 80*m - 3. Give f(7).
-3
Let m(x) = -2*x**2 - 7*x + 11. Let a be m(-4). Let h(w) = w**3 - 8*w**2 + 6*w + 10. Give h(a).
3
Let n(h) = h**3 + h**2 - h - 2. Suppose -4*d - 4*d = 8*d. Suppose 3*c + 0 = -d. Give n(c).
-2
Let p(z) be the second derivative of -z**4/12 + 3*z**3/2 - z**2/2 - 2*z. Let s be (3/(-5))/((-3)/30). What is p(s)?
17
Let y(r) be the first derivative of -r**4/4 + 2*r**3 - r**2/2 + 2*r + 55. What is y(6)?
-4
Let w(i) = 4*i + 6. Let s(b) = -9*b - 13. Let t(c) = 3*s(c) + 7*w(c). Let x(n) = -n**3 - 6*n**2 - 8*n - 2. Let l be x(-3). What is t(l)?
-2
Let w = -1063 - -15946/15. Let c(t) be the third derivative of 0*t + 1/8*t**4 + 1/120*t**6 - 2/3*t**3 - w*t**5 + 0 + t**2. Give c(3).
-4
Let d(t) = -2*t - 4. Let f be d(-10). Suppose 2*m = f - 2. Let y(j) = 2 - 4 - 6*j + m*j. Give y(-5).
-7
Let s(t) = -4628 + 14*t + 2317 + 2310. Let h = 2 - 3. What is s(h)?
-15
Let z = -71 - -79. Let d(c) = -2*c - 12. Let p(r) = 3*r + 18. Let x(y) = z*d(y) + 5*p(y). Calculate x(-5).
-1
Let w = 171 - 173. Let h(i) = -i**2 + 2*i + 2. Determine h(w).
-6
Let b be 1 - (-2)/(-1 - 1). Suppose b = 6*r - 3*r. Let i(x) be the third derivative of -x**6/120 + x**5/60 + x**4/24 - 4*x**3/3 + 8*x**2. Give i(r).
-8
Let o(z) = -76*z + 222. Let m be o(3). Let q(k) be the third derivative of -k**4/24 - 7*k**3/6 - k**2. Give q(m).
-1
Let z(t) be the third derivative of -t**6/240 - 11*t**4/24 + 13*t**2. Let w(k) be the second derivative of z(k). What is w(-3)?
9
Let s(n) = n - 8. Suppose -7 = 2*o + 11. Suppose -2*v - 9 = -v. Let w = v - o. What is s(w)?
-8
Let q(d) = d**3 - 6*d**2 + 3*d - 6. Let o(a) = a**2 - 2*a - 2. Let r(h) = h**2 -